4
Evaluate 1 - ((1 - 5 - -5) + 5).
-5
Evaluate -6 - (-7 + (-1 - (7 - 9))).
0
What is (-2 - -9 - (-7 - -11)) + 3?
6
What is the value of -8 - (-5 + 2) - -1?
-4
Evaluate -11 + 1 - (16 - 20).
-6
What is (1 - 1 - 5) + (-186 - -191)?
0
Evaluate 3 + -5 - (3 + -1 + -3).
-1
(0 - -5 - -2) + -43 + 29
-7
What is the value of (29 - 23) + -8 + 0?
-2
-2 + (1 - -3 - 2) - 2
-2
Evaluate (1 + -1 - 1) + (3 - -2).
4
Evaluate 3 - ((11 - 1) + (4 - 8)).
-3
Calculate (-6 - (0 - 2)) + -4 + 8.
0
Evaluate 6 - (0 + 2 + -4 + 2).
6
What is (-1 - 0) + (12 - 13) - -2?
0
What is the value of -9 - ((0 - -3) + -7)?
-5
0 - 0 - (-21 - -27)
-6
Calculate -3 + -2 - ((6 - 3) + -7).
-1
What is (2 - (-3 - (-4 + 1))) + 2?
4
Calculate -5 - -10 - (-2 + (-1 - -3)).
5
Evaluate 5 + 0 + -8 + 3.
0
Calculate 14 + -13 - (-1 + -4) - -1.
7
Evaluate -9 - (-14 - -1) - (4 + 1).
-1
Evaluate 0 - -1 - (-150 - -153).
-2
Calculate (-6 + 4 - 1) + 2 + 2.
1
What is the value of -3 - (-4 + 8 - 2)?
-5
Calculate 23 - 25 - (1 - (3 + 2)).
2
What is 13 - 8 - (-1 - -4 - -1)?
1
What is the value of -3 - (-5 + 6 + -6 - -3)?
-1
What is the value of (7 - (-1 - 2)) + -3 - 3?
4
1 - (5 - (3 - -3))
2
-2 + 3 + (3 - 2) + 2
4
Evaluate (1 - 1) + 8 + -2 + 1.
7
What is -1 - 2 - (-23 + 20)?
0
130 - 127 - (2 - -1)
0
1 + -8 - (-18 - (-17 + 8))
2
(0 - -11) + (104 - 109)
6
-3 - (7 + -3 - 7)
0
What is -37 + 39 + (2 + -1 - 0)?
3
What is the value of (5 - 13 - -6) + 2 - 3?
-3
What is the value of 6 + 3 + -7 + 3?
5
Evaluate 12 + -17 - (-9 + -1).
5
What is the value of 19 + -16 + -6 + 1?
-2
Evaluate -9 + (-12 - (-10 + -7)).
-4
(-1 - 1) + 5 + 1 + -9
-5
What is the value of -16 + 15 - (4 - 1)?
-4
What is 0 - (7 + -2 - 0)?
-5
What is (-4 - 2) + (3 - (1 + 3))?
-7
What is 2 + -5 + (-4 - -8) - 6?
-5
What is (-1 - 1) + 5 + 2 - 2?
3
(-2 - -4) + 2 + 3
7
Evaluate (-3 - -1) + -2 - -8.
4
What is (1 - (1 - 3)) + -1?
2
What is the value of (-2 - (4 + -3)) + -2 + 0?
-5
What is the value of -3 + (1 - -4) - (-6 + 3)?
5
What is the value of (-2 - (-7 - -3)) + -19 + 19?
2
What is the value of -4 - -10 - (-2 + 3)?
5
Calculate (2 - -2) + (-3 - -2).
3
What is 2 + 6 + -1 + -3?
4
What is the value of 0 + -1 + -3 - -2?
-2
Calculate -7 + -3 + 11 + -7.
-6
What is 13 - 11 - (8 + 2)?
-8
Calculate -5 + (2 - 2) + 0.
-5
Evaluate (-10 - -5) + 3 - -1.
-1
What is the value of -2 - 0 - 4 - -4 - -8?
6
Calculate (1 - (-1 + -1)) + -2 - -3.
4
Evaluate 12 - 23 - -19 - 11.
-3
Calculate (-3 + 1 + -1 - -6) + -5.
-2
Calculate 5 - (-6 + 13 + 0 + 2).
-4
-10 - -39 - 4 - 15
10
Calculate -1 - 7 - (25 - 30).
-3
Calculate 1 - 3 - (2 - 4).
0
What is the value of 0 + (-12 - (-7 - 0))?
-5
Evaluate (5 - (1 + -3)) + -5.
2
Evaluate (6 - 1) + (-6 - -1).
0
(1 - 3) + -1 + 2 + -3
-4
What is 3 - (0 + 1) - 7?
-5
Calculate -7 + (8 - (0 - -7)).
-6
Calculate 20 - 15 - (2 + 4).
-1
What is (-3 + 5 + 3 - 5) + -4?
-4
What is 2 + (5 - (5 - 2)) + -5?
-1
2 + 2 + 1 + -4
1
Evaluate (-19 - -8 - -15) + 0 + -6.
-2
What is the value of 1 - 4 - (1 - 2) - -1?
-1
Calculate 4 + -1 - (-9 + -9 + 24).
-3
-321 + 317 - (-1 + (0 - 1))
-2
9 + (-5 - 1) + 0
3
0 + (6 - 2 - (-3 - -10))
-3
Evaluate -3 + (-10 - (-15 + 11)).
-9
Evaluate (4 - (-4 + 3)) + 0.
5
What is -5 - (5 - 9) - (0 + 2)?
-3
-26 - -30 - (-2 - (-2 - 5))
-1
What is the value of 2 + (1 - (5 - 0))?
-2
3 + (-1 - -1) + 1
4
Evaluate -1 + (1 - 4) + (9 - 0).
5
Evaluate 4 + -4 + -1 - (1 - -4).
-6
What is the value of -10 - ((-2 - 3) + 0 - 0)?
-5
What is the value of ((7 - 7) + 6 - -6) + -3?
9
0 + 6 + -12 + 19 - 7
6
Calculate 10 - ((12 - 6) + 0).
4
-6 + 3 + 1 - -6
4
Evaluate -2 + (6 - -2) + (-8 - 2).
-4
Evaluate -4 - -1 - (59 + -58).
-4
(-4 - 0) + -3 + (6 - -2)
1
What is the value of (-10 - 2 - -11) + -1?
-2
Calculate 7 + 0 + (-2 - (0 + 1)).
4
What is the value of 8 + (0 - (14 - 9))?
3
What is -23 + 12 + 11 - (-8 - 2)?
10
What is the value of -7 - 4 - (3 - 10)?
-4
Evaluate -5 + 3 - (-1 + 0).
-1
Calculate 3 - 6 - (2 + (4 - 4)).
-5
Calculate (6 + -2 - 1) + 0.
3
What is the value of (8 + -3 - 3) + -4?
-2
What is the value of 9 - (0 - (-5 - 0))?
4
What is 6 + -12 - -5 - (1 + -2)?
0
Calculate (-13 - -12) + -4 + 14.
9
Evaluate (20 - 10) + -2 - 5.
3
What is the value of (-3 - -10) + (-7 - -2)?
2
What is 0 + -15 + 7 + 4?
-4
1 + 5 + -1 + 1
6
What is (0 + 2 - 9) + (-1 - -4)?
-4
What is the value of -8 + (19 - 5) - 14?
-8
What is the value of -113 - -122 - (1 + -2 + 6)?
4
Calculate (10 - 11) + -2 + -1 + 0.
-4
What is the value of 6 - 3 - 8 - (-4 + 3)?
-4
(3 - 2 - 2) + -1 - 0
-2
What is the value of 7 + -8 + 3 - (5 - 0)?
-3
What is 6 - (5 - (1 + -3 + 4))?
3
Evaluate -3 - (4 + -18 + (11 - 6)).
6
What is -7 + (-6 - -9) + 0?
-4
(2 - 1 - 0 - 0) + 3
4
Calculate -7 + 2 + (-4 - -7) + -4.
-6
What is the value of ((4 - 5) + 5 - 2) + 2?
4
(-9 - -15 - 7) + -1 + -1
-3
What is the value of 10 + (-7 - -2) + -4?
1
What is (-8 - -4 - -8) + (-1 - 0)?
3
3 + 2 - 2 - 2
1
What is the value of -11 + 3 - (-21 - -19)?
-6
Evaluate -3 + (2 - -2) + (-1 - -5).
5
Evaluate -11 - -2 - (-1 + -6 + 3).
-5
What is the value of (-8 - (-7 + -1) - 2) + -3?
-5
Evaluate -8 - (-18 - (6 - 11)) - -5.
10
What is 6 + (4 - (1 - (5 - 8)))?
6
Evaluate -6 - (-3 - -5 - 7).
-1
What is -2 - ((10 - 1) + 14 + -18)?
-7
Evaluate 7 + -5 + (9 - (6 - 1)).
6
(-5 - 0) + -88 + 96
3
What is the value of 6 - (-6 - -4) - (26 + -18)?
0
-12 + 16 - 13 - (0 - 2)
-7
Calculate -3 + (-2 - (1 - 5) - 0).
-1
Evaluate -143 - -144 - (0 + 7).
-6
What is the value of -2 + (3 - 3) + 2?
0
What is the value of (-2 - 3) + (-19 - -20)?
-4
-1 + 2 + 5 + -2
4
-4 + 3 + 0 + 5 + 0
4
Calculate -8 - (-7 - -4) - (1 - 1).
-5
Evaluate -7 + 5 + 1 + 2 + -5.
-4
4 + (-2 - (1 - 0) - -3)
4
What is the value of -1 - 4 - (3 - 7) - 0?
-1
Calculate 1 + 0 - (5 - 1) - 2.
-5
-1 + (0 - 1 - -4) - 2
0
3 - (3 - 2) - (-3 + 0)
5
What is (-1 - 0) + 5 + 6 + -7?
3
What is the value of (1 - (-2 - -6)) + -1 + 4?
0
-2 + -3 + -1 + (0 - 1)
-7
Calculate 8 + -7 + -1 + 3.
3
What is (-1 - 5) + (2 - 1 - -2)?
-3
Evaluate 5 - (5 - (-7 + 13)).
6
Calculate 3 - 0 - (0 - (-1 + -1)).
1
Evaluate 20 + -26 - (-10 + -1).
5
Evaluate -2 + 0 + 2 + -19 + 12.
-7
Calculate 0 - (1 + -6) - 0 - 8.
-3
What is the value of 7 - 2 - (0 - (4 - 5))?
4
Evaluate -3 + (4 - ((-2 - -5) + 1)).
-3
What is the value of (-3 + 1 - 3) + 3?
-2
What is -8 + (17 - 6) - (-1 - -1)?
3
What is the value of -3 + 4 + (-4 - (-1 - 3))?
1
Calculate -1 - (3 - (4 + -2) - 1).
-1
What is 7 - 8 - (-2 - -5)?
-4
What is -3 + 0 + (-4 - -1 - -1)?
-5
-5 - (-19 + 18 + -4 + -1)
1
Evaluate 1 + -5 + (12 - 3).
5
What is the value of (5 - ((-5 - -5) + 4)) + 3?
4
What is the value of 2 - (1 + 0 + -2)?
3
Calculate 0 + (4 + -1 - 2).
1
Evaluate -2 + 0 + -2 + -2 + 1.
-5
Calculate (-18 - -10) + 3 + 6 + 1.
2
7 - ((-6 - -14) + 0)
-1
Evaluate 1 - (1 + (0 - -4)) - 1.
-5
-19 + 29 + 0 + -6
4
What is the value of (11 - (-13 + 10)) + -6?
8
What is the value of (-1 - 9) + (52 - 36)?
6
-5 + -1 + (-1 - -4) - 1
-4
-4 + 7 + -3 - 1
-1
Evaluate -2 + (8 - 2 - 4 - -1).
1
4 + 0 + -5 + -1
-2
Evaluate 0 - (-1 + 1 + 4).
-4
What is 1 - (-5 + (-3 - (0 + -5)))?
4
What is -11 + 4 + (1 - (-9 - -4))?
-1
Calculate (-4 + 7 - 1) + -6.
-4
Evaluate 10 - (2 + 0 + -4 + 6).
6
Calculate -1 + -3 + 3 + 3.
2
What is -3 + (8 + -6 - 4)?
-5
What is 5 + (4 - 6) - -1?
4
What is the value of 6 + (-4 - -2) - (-215 + 209)?
10
What is (4 - 2) + (-1 - -3)?
4
Calculate 4 - (3 - 1) - 4 - -10.
8
5 + 4 - (0 - 4 - -6)
7
Calculate 7 - (-4 + 10) - -5 - 0.
6
Calculate 5 - (5 - (-2 - -10)).
8
Evaluate -3 - (-6 + 3) - (12 + -15).
3
7 - (1 + 4 + 3 + -2)
1
What is -3 + (-2 - (-5 + 0))?
0
What is 1 - -5 - (-11 + 15) - 6?
-4
Evaluate -1 - -6 - (2 - (11 + -9)).
5
What is the value of -2 + -2 + 8 + 0?
4
Calculate -11 - -6 - ((-1 - -1) + -2).
-3
Calculate 1 - -1 - (1 + (1 - 2)).
2
Evaluate 8 + (2 - (-2 - -8)).
4
Calculate 4 - (0 + -2 + 4).
2
What is (-4 + 4 - 2) + 7?
5
Evaluate -1 - (1 + -1) - -1 - 5.
-5
What is the value of -3 + 1 + (3 + -9 - -3)?
-5
What is -4 + (1 - (-7 - -4 - 0))?
0
What is the value of 1 + -3 + 1 + (-4 - -4)?
-1
Evaluate -1 - (0 - 6) - (-12 - -15).
2
Evaluate -16 + -9 + 10 + 7.
-8
(-1 - -1) + -5 + -5 + 12
2
Evaluate 6 - 13 - (-7 + -6).
6
What is (4 + -1 - 6) + 6 + -5?
-2
What is the value of (16 - 15) + -5 + -2 + 2?
-4
Calculate (-1 - (-5 + 2)) + (1 - 2).
1
1 - (5 + -3) - -2
1
What is (-1 - -5) + -1 + 3 + -5?
1
What is th